49 + 1 = 3*g. What is the remainder when 3104/136 + (2262/(-442))/(-29) is divided by (g/(-10))/((-1)/(-5))?
7
Let g be 6/(-14) + (-6666)/(-21). Suppose 3*w = 226 + g. Calculate the remainder when w is divided by 13.
12
Suppose j - 4 = 1. Suppose -46 = -c + 5*s, 4*s - 10 = -j*c + 4*c. Calculate the remainder when 36 is divided by c.
10
Let s = 3866 - 2129. Calculate the remainder when s is divided by 29.
26
Let x be 6 + 0 + (-2 - -4). Suppose 185 = -x*p + 13*p. Let z = 13 + p. Calculate the remainder when 97 is divided by z.
47
Suppose 60 + 200 = 4*i. What is the remainder when i is divided by (-3 - -2)*-6 - 4 - -22?
17
Suppose -5*j = -a + 12 - 4, 0 = -2*j + 5*a + 6. Let f(q) = 20*q**2 - q + 1. Calculate the remainder when f(j) is divided by 22.
17
Let f = -5 + 82. Let d = 432 + -406. What is the remainder when f is divided by d?
25
Suppose -28 = 16*z - 18*z. Suppose -3*g + 4*n + z = 0, g + 10 = 3*g - 2*n. Calculate the remainder when 34 is divided by g.
4
Let f = -102 + 47. Let j = 124 + f. Let v = 22610 + -22592. What is the remainder when j is divided by v?
15
Suppose -2*n = 2*n - 4*r - 76, -19 = -n - 2*r. Let a = -9933 + 10616. Calculate the remainder when a is divided by n.
18
Let c(y) = y**3 - 7*y**2 - 13*y + 40. Let v be c(8). Let r be v - (-3 + 0)*(-294)/(-14). Suppose -3*m + r = -0*m. What is the remainder when 83 is divided by m?
20
Suppose -12 = -2*u, -4*v + 4*u + 87 = -v. What is the remainder when 180 is divided by v?
32
Suppose 0 = 8*o - 6298 - 4174. Suppose o = 2*s + 9*s. What is the remainder when s is divided by 31?
26
Let i = 419 + -419. Suppose -10*o + 64 - 4 = i. Calculate the remainder when 24 is divided by o.
0
Suppose 0 = -h - h - f + 3, -4*f - 4 = 0. Let w(k) = 3*k - 4 + k - h*k + 45*k**3 + 3. What is the remainder when w(1) is divided by 6?
4
Let u = 476 + -380. Suppose 5*h - 5*r - 180 = -0*h, r - u = -3*h. Suppose 6*m - 3*m - 189 = 0. Calculate the remainder when m is divided by h.
30
Suppose 5*w = -r + 13, w - 10 = -4*w. Suppose o - 3*y - 71 = 0, 4*o = r*y + 68 + 216. What is the remainder when o is divided by 28?
15
Let m(s) = s**2 + 1. Suppose -2*d + 4*b = -4 - 16, -3*b = 9. What is the remainder when 97 is divided by m(d)?
12
Let c = 523 + 633. Calculate the remainder when c is divided by 31.
9
Let v(j) = 74*j - 4118. Calculate the remainder when v(78) is divided by 329.
9
Suppose -208*f + 161*f + 38211 = 0. Calculate the remainder when f is divided by 39.
33
Suppose 3*y - 328 - 173 = 0. What is the remainder when y is divided by 5 + 464/9 + (-24)/(-54)?
53
Let b(j) = 5*j**2 + 3*j + 11. Let s be b(-5). Let w = s + -117. Suppose 48 = q - 2*z, z + z = -w*q + 212. Calculate the remainder when q is divided by 28.
24
Let l = -1508 - -3195. Calculate the remainder when l is divided by 13.
10
Suppose -3*g - 14 = w, 3*g = -2*g + 5*w - 10. Suppose -27*c = 1141 - 1627. What is the remainder when 29 is divided by c/g*50/(-15)?
14
Let y(c) = c**3 + 17*c**2 - 30*c - 197. Suppose -6*n + 2*n + 976 = 0. What is the remainder when n is divided by y(-18)?
16
Suppose 2*a + 2*j = 0, 4*a - j - 16 = 3*j. Suppose 9*i = a*i + 203. What is the remainder when 98 is divided by i?
11
Let r = 15 - 0. Suppose -17 = -b - r. Suppose -33 - 17 = -b*g. What is the remainder when g is divided by 9?
7
Let h = 1627 - 1558. Calculate the remainder when h is divided by 14.
13
Suppose -425*p + 423*p + 3*l = -5427, -4*p = l - 10903. Calculate the remainder when p is divided by 58.
56
Suppose 2*d + 3*j - 50 = -j, -14 = -2*d + 5*j. What is the remainder when 1425 is divided by d?
14
Suppose 292*o - x = 288*o + 548, 5*x - 365 = -3*o. Calculate the remainder when 141 is divided by o.
6
Suppose -18*q + 9*q = -15*q + 684. What is the remainder when q is divided by 3/12 + 0 + 39/4?
4
Let s = 330 - 325. What is the remainder when 834 is divided by s?
4
Let v(p) = 3*p + 163. Let d be v(0). Let x = d + -159. What is the remainder when 4 is divided by x?
0
Let h = 46 + 234. Calculate the remainder when h is divided by 6.
4
Let j(t) be the second derivative of t**4/12 + 13*t**3/6 + 43*t**2/2 + 21*t - 1. Calculate the remainder when 33 is divided by j(-10).
7
Suppose 92 = -2*k + 4*k. Suppose 0 = 42*m - k*m + 252. Let i = m - -8. What is the remainder when i is divided by 18?
17
Let i(z) = z**3 + 43*z**2 + 19*z + 79. Let d be i(-43). Let l = d + 794. Calculate the remainder when 210 is divided by l.
42
Suppose 2*l = -0*l + 118. Suppose -231 = -k - 4*n + 67, -2*k + 586 = -2*n. Calculate the remainder when k is divided by l.
58
Suppose -3*y = -2*g + 371, g + 49*y - 183 = 48*y. What is the remainder when g is divided by 17?
14
Let r(u) = -u**3 + 3*u**2 + 3*u - 1. Let s(g) = -g**3 - 34*g**2 + 171*g + 55. Let o be s(-38). Let f = o + 689. What is the remainder when f is divided by r(3)?
6
Suppose -y - 2*j = -167, 15*y - 19*y + 4*j + 644 = 0. Suppose 4*v + u - y = v, 5*v = 2*u + 290. Calculate the remainder when 119 is divided by v.
7
Let g(p) = 3*p + 3. Let f be g(-5). Suppose 2*a + 2 = 10*i - 8, 4*i - 99 = -3*a. What is the remainder when a is divided by 15 + f/3 + 2?
12
Let j = 220 + -213. Calculate the remainder when 6 - (-19 - j - 7) is divided by 4.
3
Suppose -42*i = 29*i - 49913. What is the remainder when i is divided by 16?
15
Let m = -12566 + 12585. What is the remainder when 21 is divided by m?
2
Let y = 88 - 53. Let i(v) = 6*v**2 - 732*v + 3641. What is the remainder when i(5) is divided by y?
26
Let a be (((-4)/(-10))/(6/(-60)))/(-2). Suppose -61 = -3*t + 2*s, 0 = -37*s + 36*s - a. What is the remainder when 834 is divided by t?
17
Let u be (-902)/(-231) - 4/(-42). Suppose u*v - 281 = 427. Calculate the remainder when v is divided by 30.
27
Calculate the remainder when 2110 is divided by 9/3 + 859 + 193.
0
Let p be (-2)/(-6)*0*4/16. Suppose 82*g - 75*g - 217 = p. Calculate the remainder when 153 is divided by g.
29
Calculate the remainder when 1694 - 26*(-30)/(-195) is divided by 121.
117
Let l(w) = 4*w**2 + 2. Let o be l(-3). Suppose 5*p - o = -3*k, -3*p - k = 4*k - 26. Suppose -p*s + 160 = -2*s. What is the remainder when s is divided by 3?
2
Suppose -10*m + 34 + 26 = 0. Let y = -7 - -44. What is the remainder when y is divided by (8/m)/((-12)/(2 - 74))?
5
Let r(c) = -c**2 + 17*c. Let t be r(17). Suppose -3*p + 66 - 3 = t. Calculate the remainder when 78/104 + 189/4 is divided by p.
6
Suppose 67*c - 11*c - 221 = 283. Calculate the remainder when 924 is divided by c.
6
Let h = 59 + -42. Suppose 4*j = -j + 2*k + 527, -2*j - 2*k = -222. Let o = 118 - j. What is the remainder when h is divided by o?
6
What is the remainder when 213 is divided by (-37)/(-3) + -22 + (-715)/(-33)?
9
Let c = -158 + 154. Calculate the remainder when 18 is divided by 0 - c/14 - (-1197)/441.
0
Let a(l) = -l**3 + 21*l**2 - 64*l + 184. What is the remainder when a(15) is divided by 146?
136
Let p = -2193 + 2203. Let u(x) = 7*x**2 + 3 - 1 + 7 - 8*x - 15*x**2 - x**3. What is the remainder when u(-7) is divided by p?
6
Suppose -3*t + 395 = o, -14*o + 10*o + 3*t = -1520. What is the remainder when o is divided by 14?
5
Let o(k) = 37*k + 1269. Calculate the remainder when 8061 is divided by o(-34).
9
Let h be (3 + -5 + 2)/(-3). Suppose y = 4*g + 27, -y + 3*g = -h*g - 24. Calculate the remainder when 29 is divided by y.
14
Let b be (-3)/(6/40)*(-6)/10. Suppose 20*h - 152 = b*h. Calculate the remainder when 24 is divided by h.
5
Let l(t) = -6*t - 1. Let m be (-15)/2 - (-3)/2. Let d be ((-14)/4)/((-3)/m). Calculate the remainder when 120 is divided by l(d).
38
Suppose 36 - 1528 - 1933 = -137*m. Suppose 0 = -3*l + 1 + 11. What is the remainder when (1/1)/(l/292) is divided by m?
23
Suppose 0 = -2*k + k + 36. What is the remainder when 10/(-6)*(-22458)/95 is divided by k?
34
Suppose g - 2*d - 6766 = 0, 4*g = -4*d - 4360 + 31388. Suppose -10*r + g = 10*r. Calculate the remainder when r is divided by 11.
8
Suppose 18939 = 347*h - 170*h. What is the remainder when 1281 is divided by h?
104
Suppose -4*l + 5*k + 203 = 0, -57*k = -4*l - 58*k + 185. What is the remainder when 136 is divided by l?
42
Let b(q) = -q**2 + q + 1. Let i(k) = k - 2*k + 28*k**2 - 14 - 11 + 24. Let t(l) = 3*b(l) + i(l). Calculate the remainder when 96 is divided by t(-1).
21
Let n(b) = 2*b**2 - 3*b + 4. Let x be n(1). Suppose 